1. Determine h(-754).
5
Let i(l) = -263*l**2 + 39*l - 39. Calculate i(1).
-263
Let y(j) = j**2 + 99*j - 17288. Determine y(90).
-278
Let o(p) = -p**3 - 31*p**2 + 587*p - 2163. Give o(6).
27
Let w(m) = -m**3 - 32*m**2 + 154*m + 4423. Determine w(-33).
430
Let a(q) = -3*q**3 + 1156*q**2 - 7219*q + 6787. Calculate a(379).
-35
Let z(s) = -4*s**2 + 5284*s + 348767. Calculate z(1384).
-1
Let y(d) = 3*d**2 + 1122*d - 10339. Give y(9).
2
Let q(o) = -o**3 - 520*o**2 + 351*o + 182558. Give q(-520).
38
Let i(u) = 9*u**3 + 266*u**2 + 142*u - 80. Determine i(-29).
7
Let r(o) = 3*o**2 - 222*o - 13694. What is r(114)?
-14
Let s(y) = 11*y**2 - 1998*y + 1167. Determine s(181).
-100
Let t(z) = 720*z**3 - 22*z**2 - 31*z - 8. Calculate t(-1).
-719
Let r(a) = a**2 - 74257*a - 742676. Calculate r(-10).
-6
Let w(s) = 1970*s - 681674. Calculate w(346).
-54
Let i(w) = 12474*w - 1534220. Give i(123).
82
Let i(f) = 3227*f - 429188. Calculate i(133).
3
Let k(r) = -r**3 - 2*r**2 - 2743*r - 8184. Calculate k(-3).
54
Let w(p) = -87*p - 3359. Give w(-40).
121
Let d(o) = -o**3 + 291*o**2 + 561*o - 258. Determine d(293).
-7583
Let i(w) = -10*w**3 + 414*w**2 - 4250*w - 389. Calculate i(22).
7
Let b(x) = -2*x**2 - 135*x + 14541. Calculate b(58).
-17
Let b(s) = 875*s + 116470. Calculate b(-131).
1845
Let g(k) = -k**3 - 347*k**2 - 19381*k + 2494. Determine g(-277).
1
Let d(s) = 80*s**2 - 899*s - 558. What is d(12)?
174
Let w(o) = -5*o**3 + 1020*o**2 - 50739*o - 101. Determine w(86).
-15
Let p(t) = -t**2 - 146*t - 5314. Determine p(-77).
-1
Let r(o) = -1834*o + 33424. Give r(17).
2246
Let p(w) = -w**3 - 39*w**2 - 47*w + 2192. Calculate p(-36).
-4
Let k(p) = -4*p**3 - 77*p**2 - 441*p - 10031. Give k(-20).
-11
Let z(q) = q**3 + 103*q**2 + 2057*q - 2551. Calculate z(-29).
30
Let l(a) = 14*a**3 + 52*a**2 - 422*a - 6. What is l(5)?
934
Let m(t) = 3*t**2 - 3506*t + 31308. Determine m(9).
-3
Let g(s) = -s**2 - 67860*s - 1085558. What is g(-16)?
-54
Let o(h) = -2143*h - 53504. Give o(-25).
71
Let q(c) = 72010*c + 12889795. Determine q(-179).
5
Let n(b) = -10*b - 1168. Determine n(-81).
-358
Let a(w) = w**2 - 353729*w + 9196283. Give a(26).
5
Let o(t) = 142*t - 1134. Calculate o(10).
286
Let y(q) = -20824*q - 166510. Determine y(-8).
82
Let z(k) = -2633*k - 56767. Calculate z(-22).
1159
Let g(k) = 2919*k - 458230. Determine g(157).
53
Let g(i) = 2412*i - 446245. Determine g(185).
-25
Let w(s) = -2*s**3 - 497*s**2 - 23618*s - 125. What is w(-64)?
3
Let i(a) = -2*a**2 - 830*a - 61262. Give i(-319).
-14
Let u(c) = -3*c**3 - 15*c**2 + 47*c + 24. What is u(4)?
-220
Let t(u) = -6807*u + 251870. Calculate t(37).
11
Let d(i) = -14955*i + 747805. Determine d(50).
55
Let l(c) = 551645*c + 1654904. Give l(-3).
-31
Let f(c) = -c**3 + c**2 + 15865*c + 141953. Give f(-9).
-22
Let h(z) = z**2 + 34226*z + 136896. Determine h(-4).
8
Let k(i) = 27*i + 6726. Determine k(-117).
3567
Let g(n) = -6030790*n + 30153958. Calculate g(5).
8
Let f(a) = 3*a**3 + 7*a**2 - 174*a - 795. Give f(-6).
-147
Let a(z) = 2*z**3 - 106*z**2 - 740*z + 39195. Give a(53).
-25
Let u(z) = 243*z + 389. Give u(4).
1361
Let c(w) = -97*w - 11399. Determine c(-116).
-147
Let a(l) = -l**3 + 29*l**2 + 401*l - 92. Calculate a(39).
337
Let r(k) = -25*k**2 - 949*k + 51. What is r(-38)?
13
Let g(f) = 2*f**2 - 10698*f + 106782. Calculate g(10).
2
Let x(r) = 135*r**3 + 256*r**2 - 22*r - 6. Give x(-2).
-18
Let w(x) = 882*x + 4562. Determine w(-5).
152
Let u(y) = -35802*y - 1575185. Determine u(-44).
103
Let c(l) = 406*l + 1948. Calculate c(-6).
-488
Let o(w) = -w**2 - 1119*w + 20495. Calculate o(18).
29
Let l(b) = -2*b**3 - 29*b**2 + 12*b + 81. Determine l(-16).
657
Let v(g) = 199*g + 1031. What is v(0)?
1031
Let n(t) = -t**3 - 39*t**2 + 10*t + 178. Calculate n(-39).
-212
Let l(c) = 3348*c**2 - 237710*c + 172. What is l(71)?
30
Let t(v) = -2939*v + 5939. Determine t(2).
61
Let i(h) = 2*h**3 + 5*h**2 - 18*h - 36. Give i(-8).
-596
Let m(u) = -u**3 - 37*u**2 + 845*u - 3768. Determine m(7).
-9
Let t(y) = -2133781*y - 19204027. Determine t(-9).
2
Let q(v) = -3*v**2 + 123*v + 80. What is q(-10)?
-1450
Let m(b) = 579*b + 11001. What is m(-18)?
579
Let n(b) = -8*b**3 + 151*b**2 + 292*b - 1. What is n(-2)?
83
Let n(d) = 2861*d - 823972. Determine n(288).
-4
Let l(t) = -t**3 - 18*t**2 + 866*t - 5275. Calculate l(6).
-943
Let b(x) = -x**3 - 15*x**2 - 26*x + 114. What is b(-12)?
-6
Let g(n) = 21458*n + 2296019. Give g(-107).
13
Let t(r) = 2*r**3 + 64*r**2 + 6*r - 1038. Calculate t(0).
-1038
Let b(x) = -x**3 + 184*x**2 - 1891*x - 1420. Give b(173).
656
Let c(a) = -a**3 + 3*a**2 + 14*a - 441. What is c(0)?
-441
Let q(o) = 19*o**3 + 2326*o**2 - 1348*o + 621. Give q(-123).
6
Let m(d) = -2*d**3 + 135*d**2 + 41*d + 1309. Calculate m(68).
-527
Let c(a) = -21*a**3 + 34*a**2 - 71*a - 1. What is c(2)?
-175
Let g(s) = -3*s**2 + 271*s + 9985. Determine g(-28).
45
Let m(n) = -n**3 + 193*n**2 - 1173*n + 265215. Determine m(194).
17
Let i(c) = -69*c**3 - 1103*c**2 + 29*c + 138. Give i(-16).
-70
Let n(k) = -126*k**3 + 85*k**2 + 68*k - 10. Determine n(-1).
133
Let g(n) = -19*n**2 - 1336*n + 13527. Calculate g(10).
-1733
Let m(x) = -99037*x + 45061840. What is m(455)?
5
Let b(a) = -2*a**3 - 633*a**2 + 2229*a - 3523. Determine b(-320).
-3
Let d(g) = -107898*g - 215964. What is d(-2)?
-168
Let p(l) = 487*l**3 + l**2 - 9*l - 12. Give p(-1).
-489
Let u(a) = 38*a**2 - 4*a - 50. Determine u(-4).
574
Let h(z) = -63679*z - 318660. Calculate h(-5).
-265
Let b(j) = -j**3 + 32*j**2 - 240*j + 522. Calculate b(6).
18
Let l(x) = x**3 + 32*x**2 - 175*x + 725. Determine l(-36).
1841
Let o(y) = 2*y**3 - 88*y**2 + 625*y + 43. Determine o(9).
-2
Let f(s) = -798*s**2 - 33518*s - 41. Calculate f(-42).
43
Let d(k) = -2*k**2 - 72*k + 4953. Give d(35).
-17
Let l(p) = -23302*p + 69926. What is l(3)?
20
Let g(c) = c**3 + 643*c**2 + 12462*c + 1089. Determine g(-623).
-157
Let s(j) = -4155*j - 62297. Give s(-15).
28
Let r(l) = -1014*l + 9330. What is r(10)?
-810
Let m(h) = -h**2 + 90*h - 336. Give m(29).
1433
Let k(t) = 3*t**2 + 1474*t + 20041. Determine k(-14).
-7
Let k(r) = 3*r**2 + 174*r + 1842. Give k(-44).
-6
Let v(w) = -3*w**2 + 2715*w - 43252. What is v(16)?
-580
Let w(k) = -1813*k - 175832. Give w(-98).
1842
Let p(j) = 559*j + 107213. What is p(-193)?
-674
Let w(x) = -29*x**3 + 2667*x**2 + 169*x - 7078. Calculate w(92).
6
Let i(t) = -2*t**3 - 123*t**2 + 249*t + 405. Calculate i(-63).
-3375
Let o(x) = -28*x**2 - 302*x + 60. What is o(-11)?
-6
Let w(m) = -8*m**2 - 4754*m - 14158. Determine w(-3).
32
Let k(i) = -8280*i - 157326. Give k(-19).
-6
Let g(y) = 14*y**2 - 6390*y - 354510. What is g(-50)?
-10
Let u(a) = a**3 - 1013*a**2 - 11850*a + 600090. Determine u(1024).
26
Let o(v) = -3*v**3 - 128*v**2 + 3632*v + 156094. Give o(-42).
22
Let u(g) = -g**2 + 551*g + 61305. Calculate u(-95).
-65
Let a(t) = -252*t**3 - 56*t**2 - 35*t + 39. What is a(1)?
-304
Let f(p) = -2*p**3 - 30*p**2 + 425*p - 149. Give f(-24).
19
Let q(c) = -9634*c - 115622. Determine q(-12).
-14
Let r(h) = 174*h**2 + 581*h - 582. Give r(1).
173
Let q(i) = 12570*i + 100485. Calculate q(-8).
-75
Let q(l) = 15*l**2 + 918*l + 5533. Calculate q(-6).
565
Let b(f) = -f**3 - f**2 + 19*f + 46. Give b(-13).
1827
Let i(w) = 19955*w - 79598. What is i(4)?
222
Let a(p) = -2822*p**2 - 232*p - 230. Give a(-1).
-2820
Let g(i) = -i**3 - 13*i**2 - 2597*i - 23045. Calculate g(-9).
4
Let q(a) = 484*a - 21023. Give q(44).
273
Let r(q) = -q**3 + 88*q**2 - 28*q - 5497. Determine r(87).
-364
Let q(t) = -62434*t - 374500. Calculate q(-6).
104
Let t(j) = -8741082*j - 17482173. Determine t(-2).
-9
Let b(n) = -2662*n**3 - 5*n**2 - 120*n - 117. Give b(-1).
2660
Let x(n) = -n**2 - 180*n - 3246. Give x(-160).
-46
Let t(i) = 945*i**2 + 5686*i - 13. Determine t(-6).
-109
Let a(j) = -206*j**2 + 1445*j - 47. What is a(7)?
-26
Let c(i) = 170792*i - 512374. Determine c(3).
2
Let g(z) = -1299*z - 25703. Calculate g(-20).
277
Let n(a) = -a**3 + 47*a**2 - 27733*a + 1185116. What is n(43)?
-7
Let v(m) = 8*m**3 - 3586*m**2 + 891*m + 2232. Calculate v(448).
-8
Let y(z) = -z**3 + 91*z**2 - 303*z + 27474. Calculate y(91).
-99
Let t(m) = -2*m**2 + 448*m + 44611. What is t(-73)?
1249
Let z(p) = -5*p**2 - 85*p - 98. Determine z(-14).
112
Let y(j) = -5*j**2 + 16671*j + 184000. Cal